{"id":59,"date":"2024-02-15T16:21:51","date_gmt":"2024-02-15T16:21:51","guid":{"rendered":"https:\/\/adhocry.fi\/?page_id=59"},"modified":"2026-01-28T10:33:10","modified_gmt":"2026-01-28T10:33:10","slug":"yhteystiedot","status":"publish","type":"page","link":"https:\/\/adhocry.fi\/index.php\/yhteystiedot\/","title":{"rendered":"Hallitus"},"content":{"rendered":"\n<h2 class=\"wp-block-heading has-text-align-center\"><strong>Ad Hoc ry:n hallitus 202<\/strong>5<\/h2>\n\n\n\n<div class=\"wp-block-group is-vertical is-content-justification-center is-layout-flex wp-container-core-group-is-layout-1 wp-block-group-is-layout-flex\">\n<div class=\"wp-block-columns is-layout-flex wp-container-core-columns-is-layout-1 wp-block-columns-is-layout-flex\">\n<div class=\"wp-block-column is-layout-flow wp-block-column-is-layout-flow\"><div class=\"wp-block-image is-style-rounded\">\n<figure class=\"aligncenter size-medium\"><img loading=\"lazy\" decoding=\"async\" width=\"300\" height=\"300\" src=\"https:\/\/adhocry.fi\/wp-content\/uploads\/2025\/03\/Ad-hoc-4-300x300.jpg\" alt=\"\" class=\"wp-image-298\" srcset=\"https:\/\/adhocry.fi\/wp-content\/uploads\/2025\/03\/Ad-hoc-4-300x300.jpg 300w, https:\/\/adhocry.fi\/wp-content\/uploads\/2025\/03\/Ad-hoc-4-150x150.jpg 150w, https:\/\/adhocry.fi\/wp-content\/uploads\/2025\/03\/Ad-hoc-4.jpg 360w\" sizes=\"auto, (max-width: 300px) 100vw, 300px\" \/><\/figure><\/div>\n\n\n<p class=\"has-text-align-center\"><strong>Puheenjohtaja<\/strong><br>Ella Huhtinen<\/p>\n<\/div>\n\n\n\n<div class=\"wp-block-column is-layout-flow wp-block-column-is-layout-flow\"><div class=\"wp-block-image is-style-rounded\">\n<figure class=\"aligncenter size-medium\"><img loading=\"lazy\" decoding=\"async\" width=\"300\" height=\"300\" src=\"https:\/\/adhocry.fi\/wp-content\/uploads\/2025\/03\/Ad-hoc-4-300x300.jpg\" alt=\"\" class=\"wp-image-298\" srcset=\"https:\/\/adhocry.fi\/wp-content\/uploads\/2025\/03\/Ad-hoc-4-300x300.jpg 300w, https:\/\/adhocry.fi\/wp-content\/uploads\/2025\/03\/Ad-hoc-4-150x150.jpg 150w, https:\/\/adhocry.fi\/wp-content\/uploads\/2025\/03\/Ad-hoc-4.jpg 360w\" sizes=\"auto, (max-width: 300px) 100vw, 300px\" \/><\/figure><\/div>\n\n\n<p class=\"has-text-align-center\"><strong>Varapuheenjohtaja, koulutuspoliittinen-, liikunta- ja alumnivastaava<br><\/strong>Akseli Laiho<\/p>\n<\/div>\n\n\n\n<div class=\"wp-block-column is-layout-flow wp-block-column-is-layout-flow\"><div class=\"wp-block-image is-style-rounded\">\n<figure class=\"aligncenter size-medium\"><img loading=\"lazy\" decoding=\"async\" width=\"300\" height=\"300\" src=\"https:\/\/adhocry.fi\/wp-content\/uploads\/2025\/03\/Ad-hoc-4-300x300.jpg\" alt=\"\" class=\"wp-image-298\" srcset=\"https:\/\/adhocry.fi\/wp-content\/uploads\/2025\/03\/Ad-hoc-4-300x300.jpg 300w, https:\/\/adhocry.fi\/wp-content\/uploads\/2025\/03\/Ad-hoc-4-150x150.jpg 150w, https:\/\/adhocry.fi\/wp-content\/uploads\/2025\/03\/Ad-hoc-4.jpg 360w\" sizes=\"auto, (max-width: 300px) 100vw, 300px\" \/><\/figure><\/div>\n\n\n<p class=\"has-text-align-center\"><strong>Viestint\u00e4vastaava ja sihteeri<\/strong><br>Ossi Pasanen<\/p>\n<\/div>\n<\/div>\n\n\n\n<div class=\"wp-block-columns are-vertically-aligned-top is-layout-flex wp-container-core-columns-is-layout-2 wp-block-columns-is-layout-flex\">\n<div class=\"wp-block-column is-vertically-aligned-top is-layout-flow wp-block-column-is-layout-flow\"><div class=\"wp-block-image is-style-rounded\">\n<figure class=\"aligncenter size-medium\"><img loading=\"lazy\" decoding=\"async\" width=\"300\" height=\"300\" src=\"https:\/\/adhocry.fi\/wp-content\/uploads\/2025\/03\/Ad-hoc-4-300x300.jpg\" alt=\"\" class=\"wp-image-298\" srcset=\"https:\/\/adhocry.fi\/wp-content\/uploads\/2025\/03\/Ad-hoc-4-300x300.jpg 300w, https:\/\/adhocry.fi\/wp-content\/uploads\/2025\/03\/Ad-hoc-4-150x150.jpg 150w, https:\/\/adhocry.fi\/wp-content\/uploads\/2025\/03\/Ad-hoc-4.jpg 360w\" sizes=\"auto, (max-width: 300px) 100vw, 300px\" \/><\/figure><\/div>\n\n\n<p class=\"has-text-align-center\"><strong>Talous- ja tapahtumavastaava<br><\/strong>Ida K\u00e4h\u00f6<\/p>\n<\/div>\n\n\n\n<div class=\"wp-block-column is-vertically-aligned-top is-layout-flow wp-block-column-is-layout-flow\"><\/div>\n\n\n\n<div class=\"wp-block-column is-vertically-aligned-top is-layout-flow wp-block-column-is-layout-flow\"><div class=\"wp-block-image is-style-rounded\">\n<figure class=\"aligncenter size-medium\"><img loading=\"lazy\" decoding=\"async\" width=\"300\" height=\"300\" src=\"https:\/\/adhocry.fi\/wp-content\/uploads\/2025\/03\/Ad-hoc-4-300x300.jpg\" alt=\"\" class=\"wp-image-298\" srcset=\"https:\/\/adhocry.fi\/wp-content\/uploads\/2025\/03\/Ad-hoc-4-300x300.jpg 300w, https:\/\/adhocry.fi\/wp-content\/uploads\/2025\/03\/Ad-hoc-4-150x150.jpg 150w, https:\/\/adhocry.fi\/wp-content\/uploads\/2025\/03\/Ad-hoc-4.jpg 360w\" sizes=\"auto, (max-width: 300px) 100vw, 300px\" \/><\/figure><\/div>\n\n\n<p class=\"has-text-align-center\"><strong>Ty\u00f6el\u00e4m\u00e4-, tasa-arvo ja kansainv\u00e4lisyysvastaava<\/strong><br>Elina Nordlund<\/p>\n<\/div>\n<\/div>\n\n\n\n<p>Hallitukseen saat yhteyden s\u00e4hk\u00f6postiosoitteesta adhocry@gmail.com tai hallituslaisten omista s\u00e4hk\u00f6posteista, jotka ovat muotoa etunimi.sukunimi@tuni.fi<\/p>\n<\/div>\n\n\n\n<p><\/p>\n\n\n\n<p><\/p>\n\n\n\n<p><\/p>\n","protected":false},"excerpt":{"rendered":"<p>Ad Hoc ry:n hallitus 2025 PuheenjohtajaElla Huhtinen Varapuheenjohtaja, koulutuspoliittinen-, liikunta- ja alumnivastaavaAkseli Laiho Viestint\u00e4vastaava ja sihteeriOssi Pasanen Talous- ja tapahtumavastaavaIda K\u00e4h\u00f6 Ty\u00f6el\u00e4m\u00e4-, tasa-arvo ja kansainv\u00e4lisyysvastaavaElina Nordlund Hallitukseen saat yhteyden s\u00e4hk\u00f6postiosoitteesta adhocry@gmail.com tai hallituslaisten omista s\u00e4hk\u00f6posteista, jotka ovat muotoa etunimi.sukunimi@tuni.fi<\/p>\n","protected":false},"author":1,"featured_media":0,"parent":0,"menu_order":0,"comment_status":"closed","ping_status":"closed","template":"","meta":{"neve_meta_sidebar":"","neve_meta_container":"","neve_meta_enable_content_width":"","neve_meta_content_width":0,"neve_meta_title_alignment":"","neve_meta_author_avatar":"","neve_post_elements_order":"","neve_meta_disable_header":"","neve_meta_disable_footer":"","neve_meta_disable_title":"","footnotes":""},"class_list":["post-59","page","type-page","status-publish","hentry"],"_links":{"self":[{"href":"https:\/\/adhocry.fi\/index.php\/wp-json\/wp\/v2\/pages\/59","targetHints":{"allow":["GET"]}}],"collection":[{"href":"https:\/\/adhocry.fi\/index.php\/wp-json\/wp\/v2\/pages"}],"about":[{"href":"https:\/\/adhocry.fi\/index.php\/wp-json\/wp\/v2\/types\/page"}],"author":[{"embeddable":true,"href":"https:\/\/adhocry.fi\/index.php\/wp-json\/wp\/v2\/users\/1"}],"replies":[{"embeddable":true,"href":"https:\/\/adhocry.fi\/index.php\/wp-json\/wp\/v2\/comments?post=59"}],"version-history":[{"count":16,"href":"https:\/\/adhocry.fi\/index.php\/wp-json\/wp\/v2\/pages\/59\/revisions"}],"predecessor-version":[{"id":341,"href":"https:\/\/adhocry.fi\/index.php\/wp-json\/wp\/v2\/pages\/59\/revisions\/341"}],"wp:attachment":[{"href":"https:\/\/adhocry.fi\/index.php\/wp-json\/wp\/v2\/media?parent=59"}],"curies":[{"name":"wp","href":"https:\/\/api.w.org\/{rel}","templated":true}]}}