{"id":158,"date":"2024-02-16T14:11:23","date_gmt":"2024-02-16T14:11:23","guid":{"rendered":"https:\/\/adhocry.fi\/?page_id=158"},"modified":"2025-03-07T14:24:39","modified_gmt":"2025-03-07T14:24:39","slug":"vanhat-hallitukset","status":"publish","type":"page","link":"https:\/\/adhocry.fi\/index.php\/vanhat-hallitukset\/","title":{"rendered":"Vanhat hallitukset"},"content":{"rendered":"\n<p><br><strong>2024<\/strong><br>Minni Virtanen, puheenjohtaja<br>Alina Heikkurinen, varapuheenjohtaja, viestint\u00e4- ja tuutorvastaava<br>Milla Orava, tapahtuma- viestint\u00e4- ja liikuntavastaava<br>Matilda Saarisalo, talousvastaava ja sihteeri<br>Vertti Neuvonen, koulutuspoliittinen- ja tasa-arvovastaava<br>Oskar Mustonen, ty\u00f6el\u00e4m\u00e4-, alumni- ja kansainv\u00e4lisyysvastaava<\/p>\n\n\n\n<p><strong>2023<\/strong><br>Pinja Ikkala, puheenjohtaja ja tuutorvastaava<br>Minni Virtanen, varapuheenjohtaja, ty\u00f6el\u00e4m\u00e4- ja alumnivastaava<br>Iida Niemipelto, viestint\u00e4-, tapahtuma- ja tasa-arvovastaava<br>Juho Katajamaa,talousvastaava ja sihteeri<br>Juuso Niemel\u00e4inen, koulutuspoliittinen-, liikunta- ja kansainv\u00e4lisyysvastaava<\/p>\n\n\n\n<p><br><strong>2022<\/strong><br>Saara Pumpanen, puheenjohtaja<br>Noora Heiskanen, varapuheenjohtaja, viestint\u00e4- ja kansainv\u00e4lisyysvastaava<br>Ossi-Pekka M\u00e4kinen, talousvastaava ja sihteeri<br>Niko Ranta, ty\u00f6el\u00e4m\u00e4-, tutor- ja tasa-arvovastaava<br>Jaakko M\u00e4kinen, tapahtuma- ja alumnivastaava<br>Jussi V\u00e4h\u00e4pesola, koulutuspoliittinen- ja liikuntavastaava<\/p>\n\n\n\n<p><br><strong>2021<\/strong><br>Jimi Elomaa, puheenjohtaja, tasa-arvo- ja alumnivastaava<br>Noora J\u00e4rvensivu, varapuheenjohtaja ja koulutuspoliittinen vastaava<br>Sanni Penttinen, sihteeri, talous- ja kv-vastaava<br>Tommi Sankelo, tapahtuma-, ty\u00f6el\u00e4m\u00e4- ja tuutorvastaava<br>Minttu L\u00e4nsiharju, viestint\u00e4- ja liikuntavastaava<\/p>\n\n\n\n<p><br><strong>2020<\/strong><br>Vertti Sahala, puheenjohtaja<br>Anniina Hurskainen, varapuheenjohtaja<br>Markus Halla-aho, sihteeri ja talousvastaava<br>Liza Sepp\u00e4l\u00e4, tutorointi- ja ty\u00f6el\u00e4m\u00e4vastaava<br><\/p>\n\n\n\n<p><strong>2019<\/strong><br>Rakel Saarinen, puheenjohtaja<br>Oskari Huhtaniemi, varapuheenjohtaja<br>Mariet Leppim\u00e4ki, sihteeri<br>Siiri Tawast, taloudenhoitaja<br>Aura Kuitunen, tapahtumavastaava<\/p>\n\n\n\n<p><br><strong>2018<\/strong><br>Mikko Salmela, puheenjohtaja<br>Neea Loimuvirta, varapuheenjohtaja ja tapahtuma- ja liikuntavastaava<br>Ella Haura, viestint\u00e4- ja tasa-arvovastaava<br>Ky\u00f6sti Husso, koulutus- ja sosiaalipoliittinen vastaava<br>Eeva-Maija Herttua, sihteeri ja ty\u00f6el\u00e4m\u00e4vastaava<br>Jouka Wilkman, talous- ja kv-vastaava<\/p>\n","protected":false},"excerpt":{"rendered":"<p>2024Minni Virtanen, puheenjohtajaAlina Heikkurinen, varapuheenjohtaja, viestint\u00e4- ja tuutorvastaavaMilla Orava, tapahtuma- viestint\u00e4- ja liikuntavastaavaMatilda Saarisalo, talousvastaava ja sihteeriVertti Neuvonen, koulutuspoliittinen- ja tasa-arvovastaavaOskar Mustonen, ty\u00f6el\u00e4m\u00e4-, alumni- ja kansainv\u00e4lisyysvastaava 2023Pinja Ikkala, puheenjohtaja ja tuutorvastaavaMinni Virtanen, varapuheenjohtaja, ty\u00f6el\u00e4m\u00e4- ja alumnivastaavaIida Niemipelto, viestint\u00e4-, tapahtuma- ja tasa-arvovastaavaJuho Katajamaa,talousvastaava ja sihteeriJuuso Niemel\u00e4inen, koulutuspoliittinen-, liikunta- ja kansainv\u00e4lisyysvastaava 2022Saara Pumpanen, puheenjohtajaNoora Heiskanen, varapuheenjohtaja, viestint\u00e4-&hellip;&nbsp;<a href=\"https:\/\/adhocry.fi\/index.php\/vanhat-hallitukset\/\" class=\"\" rel=\"bookmark\">Lue lis\u00e4\u00e4 &raquo;<span class=\"screen-reader-text\">Vanhat hallitukset<\/span><\/a><\/p>\n","protected":false},"author":1,"featured_media":0,"parent":0,"menu_order":0,"comment_status":"closed","ping_status":"closed","template":"","meta":{"neve_meta_sidebar":"","neve_meta_container":"","neve_meta_enable_content_width":"","neve_meta_content_width":0,"neve_meta_title_alignment":"","neve_meta_author_avatar":"","neve_post_elements_order":"","neve_meta_disable_header":"","neve_meta_disable_footer":"","neve_meta_disable_title":"","footnotes":""},"class_list":["post-158","page","type-page","status-publish","hentry"],"_links":{"self":[{"href":"https:\/\/adhocry.fi\/index.php\/wp-json\/wp\/v2\/pages\/158","targetHints":{"allow":["GET"]}}],"collection":[{"href":"https:\/\/adhocry.fi\/index.php\/wp-json\/wp\/v2\/pages"}],"about":[{"href":"https:\/\/adhocry.fi\/index.php\/wp-json\/wp\/v2\/types\/page"}],"author":[{"embeddable":true,"href":"https:\/\/adhocry.fi\/index.php\/wp-json\/wp\/v2\/users\/1"}],"replies":[{"embeddable":true,"href":"https:\/\/adhocry.fi\/index.php\/wp-json\/wp\/v2\/comments?post=158"}],"version-history":[{"count":3,"href":"https:\/\/adhocry.fi\/index.php\/wp-json\/wp\/v2\/pages\/158\/revisions"}],"predecessor-version":[{"id":307,"href":"https:\/\/adhocry.fi\/index.php\/wp-json\/wp\/v2\/pages\/158\/revisions\/307"}],"wp:attachment":[{"href":"https:\/\/adhocry.fi\/index.php\/wp-json\/wp\/v2\/media?parent=158"}],"curies":[{"name":"wp","href":"https:\/\/api.w.org\/{rel}","templated":true}]}}

<p><br><strong>2024</strong><br>Minni Virtanen, puheenjohtaja<br>Alina Heikkurinen, varapuheenjohtaja, viestintä- ja tuutorvastaava<br>Milla Orava, tapahtuma- viestintä- ja liikuntavastaava<br>Matilda Saarisalo, talousvastaava ja sihteeri<br>Vertti Neuvonen, koulutuspoliittinen- ja tasa-arvovastaava<br>Oskar Mustonen, työelämä-, alumni- ja kansainvälisyysvastaava</p>



<p><strong>2023</strong><br>Pinja Ikkala, puheenjohtaja ja tuutorvastaava<br>Minni Virtanen, varapuheenjohtaja, työelämä- ja alumnivastaava<br>Iida Niemipelto, viestintä-, tapahtuma- ja tasa-arvovastaava<br>Juho Katajamaa,talousvastaava ja sihteeri<br>Juuso Niemeläinen, koulutuspoliittinen-, liikunta- ja kansainvälisyysvastaava</p>



<p><br><strong>2022</strong><br>Saara Pumpanen, puheenjohtaja<br>Noora Heiskanen, varapuheenjohtaja, viestintä- ja kansainvälisyysvastaava<br>Ossi-Pekka Mäkinen, talousvastaava ja sihteeri<br>Niko Ranta, työelämä-, tutor- ja tasa-arvovastaava<br>Jaakko Mäkinen, tapahtuma- ja alumnivastaava<br>Jussi Vähäpesola, koulutuspoliittinen- ja liikuntavastaava</p>



<p><br><strong>2021</strong><br>Jimi Elomaa, puheenjohtaja, tasa-arvo- ja alumnivastaava<br>Noora Järvensivu, varapuheenjohtaja ja koulutuspoliittinen vastaava<br>Sanni Penttinen, sihteeri, talous- ja kv-vastaava<br>Tommi Sankelo, tapahtuma-, työelämä- ja tuutorvastaava<br>Minttu Länsiharju, viestintä- ja liikuntavastaava</p>



<p><br><strong>2020</strong><br>Vertti Sahala, puheenjohtaja<br>Anniina Hurskainen, varapuheenjohtaja<br>Markus Halla-aho, sihteeri ja talousvastaava<br>Liza Seppälä, tutorointi- ja työelämävastaava<br></p>



<p><strong>2019</strong><br>Rakel Saarinen, puheenjohtaja<br>Oskari Huhtaniemi, varapuheenjohtaja<br>Mariet Leppimäki, sihteeri<br>Siiri Tawast, taloudenhoitaja<br>Aura Kuitunen, tapahtumavastaava</p>



<p><br><strong>2018</strong><br>Mikko Salmela, puheenjohtaja<br>Neea Loimuvirta, varapuheenjohtaja ja tapahtuma- ja liikuntavastaava<br>Ella Haura, viestintä- ja tasa-arvovastaava<br>Kyösti Husso, koulutus- ja sosiaalipoliittinen vastaava<br>Eeva-Maija Herttua, sihteeri ja työelämävastaava<br>Jouka Wilkman, talous- ja kv-vastaava</p>

<p>2024Minni Virtanen, puheenjohtajaAlina Heikkurinen, varapuheenjohtaja, viestintä- ja tuutorvastaavaMilla Orava, tapahtuma- viestintä- ja liikuntavastaavaMatilda Saarisalo, talousvastaava ja sihteeriVertti Neuvonen, koulutuspoliittinen- ja tasa-arvovastaavaOskar Mustonen, työelämä-, alumni- ja kansainvälisyysvastaava 2023Pinja Ikkala, puheenjohtaja ja tuutorvastaavaMinni Virtanen, varapuheenjohtaja, työelämä- ja alumnivastaavaIida Niemipelto, viestintä-, tapahtuma- ja tasa-arvovastaavaJuho Katajamaa,talousvastaava ja sihteeriJuuso Niemeläinen, koulutuspoliittinen-, liikunta- ja kansainvälisyysvastaava 2022Saara Pumpanen, puheenjohtajaNoora Heiskanen, varapuheenjohtaja, viestintä-&hellip;&nbsp;<a href="https://adhocry.fi/index.php/vanhat-hallitukset/" class="" rel="bookmark">Lue lisää &raquo;<span class="screen-reader-text">Vanhat hallitukset</span></a></p>
