{"id":112,"date":"2024-02-15T16:22:55","date_gmt":"2024-02-15T16:22:55","guid":{"rendered":"https:\/\/adhocry.fi\/?page_id=112"},"modified":"2026-02-24T16:47:31","modified_gmt":"2026-02-24T16:47:31","slug":"ajankohtaista","status":"publish","type":"page","link":"https:\/\/adhocry.fi\/index.php\/ajankohtaista\/","title":{"rendered":"Ajankohtaista"},"content":{"rendered":"\n<figure class=\"wp-block-pullquote\"><blockquote><p><strong>AD HOC RY:N S\u00c4\u00c4NT\u00d6M\u00c4\u00c4R\u00c4INEN KEV\u00c4TKOKOUS<\/strong><\/p><cite>KOKOUSKUTSU<\/cite><\/blockquote><\/figure>\n\n\n\n<div class=\"wp-block-group\"><div class=\"wp-block-group__inner-container is-layout-constrained wp-block-group-is-layout-constrained\">\n<div class=\"wp-block-group\"><div class=\"wp-block-group__inner-container is-layout-constrained wp-block-group-is-layout-constrained\">\n<p>Ad Hoc ry toivottaa j\u00e4senist\u00f6ns\u00e4 tervetulleeksi maanantaina 16.3.2025&nbsp; klo 18.00 j\u00e4rjestett\u00e4v\u00e4\u00e4n yhdistyksen s\u00e4\u00e4nt\u00f6m\u00e4\u00e4r\u00e4iseen kev\u00e4tkokoukseen. Kokous j\u00e4rjestet\u00e4\u00e4n Tampereen yliopistolla tilassa: TAU P\u00e4\u00e4talo A203e.<\/p>\n\n\n\n<p>Kokoukseen voi osallistua my\u00f6s et\u00e4yhteyksin Zoomin v\u00e4lityksell\u00e4. Mik\u00e4li haluat osallistua kokoukseen et\u00e4n\u00e4, otathan yhteytt\u00e4 Telegramissa @ellahuhtinen tai s\u00e4hk\u00f6postilla <a href=\"mailto:ella.huhtinen@tuni.fi\">ella.huhtinen@tuni.fi<\/a> .&nbsp;<\/p>\n\n\n\n<p>Kev\u00e4tkokouksessa esitell\u00e4\u00e4n yhdistyksen edellisen vuoden tilinp\u00e4\u00e4t\u00f6s ja toimintakertomus. Lis\u00e4ksi kokouksessa p\u00e4\u00e4tet\u00e4\u00e4n vastuuvapauden my\u00f6nt\u00e4misest\u00e4 edellisen vuoden hallitukselle. Kev\u00e4tkokous on siis j\u00e4senist\u00f6lle oiva paikka tulla kuulemaan Ad Hocin toiminnasta.\u00a0\u00a0<\/p>\n\n\n\n<p>L\u00e4mpim\u00e4sti tervetuloa s\u00e4\u00e4nt\u00f6m\u00e4\u00e4r\u00e4iseen kev\u00e4tkokoukseen!<\/p>\n\n\n\n<p>Terveisin,<\/p>\n\n\n\n<p>&nbsp;Ad Hocin hallitus 2026<\/p>\n\n\n\n<p><strong>LIITE I: Esityslista<\/strong><\/p>\n\n\n\n<p>Kokouksen sis\u00e4lt\u00f6:<\/p>\n<\/div><\/div>\n\n\n\n<ol class=\"wp-block-list\">\n<li>Kokouksen avaus<\/li>\n\n\n\n<li>Kokouksen laillisuus ja p\u00e4\u00e4t\u00f6svaltaisuus<\/li>\n\n\n\n<li>Kokouksen j\u00e4rjest\u00e4ytyminen<\/li>\n\n\n\n<li>Esityslistan hyv\u00e4ksyminen<\/li>\n\n\n\n<li>Ilmoitusasiat<\/li>\n\n\n\n<li>Hallituksen toimintakertomus toimikaudelta 2025<\/li>\n\n\n\n<li>Tilinp\u00e4\u00e4t\u00f6s toimikaudelta 2025<\/li>\n\n\n\n<li>Toiminnantarkastajan lausunto<\/li>\n\n\n\n<li>Vastuuvapaudesta p\u00e4\u00e4tt\u00e4minen toimikauden 2025 hallitukselle<\/li>\n\n\n\n<li>Muut esille tulevat asiat<\/li>\n\n\n\n<li>Kokouksen p\u00e4\u00e4tt\u00e4minen<\/li>\n<\/ol>\n\n\n\n<p><strong>Liite II: Toimintakertomus 2025<\/strong><\/p>\n\n\n\n<div data-wp-interactive=\"core\/file\" class=\"wp-block-file\"><object data-wp-bind--hidden=\"!state.hasPdfPreview\" hidden class=\"wp-block-file__embed\" data=\"https:\/\/adhocry.fi\/wp-content\/uploads\/2026\/02\/TOIMINTAKERTOMUS-2025-1.pdf\" type=\"application\/pdf\" style=\"width:100%;height:600px\" aria-label=\"Tiedoston TOIMINTAKERTOMUS 2025 upotus.\"><\/object><a id=\"wp-block-file--media-24c72271-a8e1-46f1-9f97-c694b941b991\" href=\"https:\/\/adhocry.fi\/wp-content\/uploads\/2026\/02\/TOIMINTAKERTOMUS-2025-1.pdf\">TOIMINTAKERTOMUS 2025<\/a><a href=\"https:\/\/adhocry.fi\/wp-content\/uploads\/2026\/02\/TOIMINTAKERTOMUS-2025-1.pdf\" class=\"wp-block-file__button wp-element-button\" download aria-describedby=\"wp-block-file--media-24c72271-a8e1-46f1-9f97-c694b941b991\">Lataa<\/a><\/div>\n<\/div><\/div>\n\n\n\n<div class=\"wp-block-group\"><div class=\"wp-block-group__inner-container is-layout-constrained wp-block-group-is-layout-constrained\">\n<div class=\"wp-block-group\"><div class=\"wp-block-group__inner-container is-layout-constrained wp-block-group-is-layout-constrained\">\n<div class=\"wp-block-columns is-layout-flex wp-container-core-columns-is-layout-7 wp-block-columns-is-layout-flex\">\n<div class=\"wp-block-column is-layout-flow wp-block-column-is-layout-flow\" style=\"flex-basis:100%\">\n<div class=\"wp-block-columns are-vertically-aligned-center is-layout-flex wp-container-core-columns-is-layout-2 wp-block-columns-is-layout-flex\">\n<div class=\"wp-block-column is-vertically-aligned-center is-layout-flow wp-block-column-is-layout-flow\" style=\"flex-basis:33.33%\"><\/div>\n\n\n\n<div class=\"wp-block-column is-vertically-aligned-center is-layout-flow wp-block-column-is-layout-flow\" style=\"flex-basis:66.66%\">\n<p>10.11.2025<\/p>\n\n\n\n<div class=\"wp-block-group\"><div class=\"wp-block-group__inner-container is-layout-constrained wp-block-group-is-layout-constrained\">\n<div class=\"wp-block-columns is-layout-flex wp-container-core-columns-is-layout-1 wp-block-columns-is-layout-flex\">\n<div class=\"wp-block-column is-layout-flow wp-block-column-is-layout-flow\" style=\"flex-basis:100%\">\n<figure class=\"wp-block-pullquote\"><blockquote><p><strong>AD HOC RY:N S\u00c4\u00c4NT\u00d6M\u00c4\u00c4R\u00c4INEN SYYSKOKOUS<\/strong><\/p><cite>KOKOUSKUTSU<\/cite><\/blockquote><\/figure>\n<\/div>\n<\/div>\n<\/div><\/div>\n\n\n\n<p>Ad Hoc ry toivottaa j\u00e4senist\u00f6ns\u00e4 tervetulleeksi maanantaina 24.11.2025 j\u00e4rjestett\u00e4v\u00e4\u00e4n yhdistyksen s\u00e4\u00e4nt\u00f6m\u00e4\u00e4r\u00e4iseen syyskokoukseen. Yhdistyksen hallitus on p\u00e4\u00e4tt\u00e4nyt, ett\u00e4 perinteisen kokouksen lis\u00e4ksi kokoukseen voi osallistua my\u00f6s et\u00e4n\u00e4 Zoomin v\u00e4lityksell\u00e4. Fyysinen kokous j\u00e4rjestet\u00e4\u00e4n Tampereen yliopistolla: TAU P\u00e4\u00e4talo A331e kello 17:00 alkaen.<\/p>\n\n\n\n<p>Yhdistyksen syyskokouksessa j\u00e4senist\u00f6ll\u00e4 on mahdollisuus osallistua yhdistyksen p\u00e4\u00e4t\u00f6ksentekoon sek\u00e4 asettua ehdolle yhdistyksen hallituksen seuraavalle toimikaudelle.&nbsp;<\/p>\n\n\n\n<p>Kyseess\u00e4 on kaikin puolin rento tilaisuus ja my\u00f6s et\u00e4yhteydell\u00e4 osallistuminen on mahdollista.&nbsp;<\/p>\n\n\n\n<p><em><strong>Kokouksen esityslista<\/strong><\/em><\/p>\n\n\n\n<p>1. &nbsp; &nbsp; Kokouksen avaus&nbsp;<\/p>\n\n\n\n<p>2. &nbsp; &nbsp; Kokouksen laillisuus ja p\u00e4\u00e4t\u00f6svaltaisuus<\/p>\n\n\n\n<p>3. &nbsp; &nbsp; Kokouksen j\u00e4rjest\u00e4ytyminen<\/p>\n\n\n\n<p><em>4. &nbsp; &nbsp; <\/em>Esityslistan<em> <\/em>hyv\u00e4ksyminen<\/p>\n\n\n\n<p><em>5. &nbsp; &nbsp; <\/em>Ilmoitusasiat<\/p>\n\n\n\n<p><em>6. &nbsp; &nbsp; <\/em>Vuoden 2026 toimintasuunnitelman ja talousarvion hyv\u00e4ksyminen<\/p>\n\n\n\n<p><em>7. &nbsp; &nbsp; <\/em>Yhdistyksen kunniaj\u00e4senyyden my\u00f6nt\u00e4minen&nbsp;<\/p>\n\n\n\n<p>8. &nbsp; &nbsp; J\u00e4senmaksun ja kannatusj\u00e4senmaksun suuruudesta p\u00e4\u00e4tt\u00e4minen vuodelle 2026<\/p>\n\n\n\n<p><em>9. &nbsp; &nbsp; <\/em>Yhdistyksen hallituksen valinta seuraavalle toimikaudelle&nbsp;<\/p>\n\n\n\n<p>Yhdistyksen hallituksen valinta vuodelle 2026<\/p>\n\n\n\n<p>Yhdistyksen hallituksen puheenjohtajan valinta vuodelle 2026<\/p>\n\n\n\n<p>10.&nbsp; &nbsp;Yhden (1) toiminnantarkastajan ja yhden (1) varahenkil\u00f6n valinta seuraavalle tilikaudelle (2026)<\/p>\n\n\n\n<p>11.&nbsp; &nbsp;Muut esille tulevat asiat<\/p>\n\n\n\n<p>12.&nbsp; &nbsp;Kokouksen p\u00e4\u00e4tt\u00e4minen<\/p>\n\n\n\n<p>N\u00e4hd\u00e4\u00e4n syyskokouksessa!<\/p>\n\n\n\n<div class=\"wp-block-group is-vertical is-layout-flex wp-container-core-group-is-layout-4 wp-block-group-is-layout-flex\">\n<p>Syyskokousterveisin<\/p>\n\n\n\n<p>Tuuli Lopmeri<\/p>\n\n\n\n<p>Puheenjohtaja&nbsp;<\/p>\n\n\n\n<p><a href=\"mailto:adhocry@gmail.com\">adhocry@gmail.com<\/a><\/p>\n\n\n\n<p><\/p>\n<\/div>\n\n\n\n<p><strong>LIITE I: <\/strong>Toimintasuunnitelma 2026<\/p>\n\n\n\n<div data-wp-interactive=\"core\/file\" class=\"wp-block-file\"><object data-wp-bind--hidden=\"!state.hasPdfPreview\" hidden class=\"wp-block-file__embed\" data=\"https:\/\/adhocry.fi\/wp-content\/uploads\/2025\/11\/Toimintasuunnitelma-2026-1-1.pdf\" type=\"application\/pdf\" style=\"width:100%;height:600px\" aria-label=\"Tiedoston Toimintasuunnitelma 2026 upotus.\"><\/object><a id=\"wp-block-file--media-f469ee32-0200-4f40-b376-556dc86c09f0\" href=\"https:\/\/adhocry.fi\/wp-content\/uploads\/2025\/11\/Toimintasuunnitelma-2026-1-1.pdf\">Toimintasuunnitelma 2026<\/a><a href=\"https:\/\/adhocry.fi\/wp-content\/uploads\/2025\/11\/Toimintasuunnitelma-2026-1-1.pdf\" class=\"wp-block-file__button wp-element-button\" download aria-describedby=\"wp-block-file--media-f469ee32-0200-4f40-b376-556dc86c09f0\">Lataa<\/a><\/div>\n\n\n\n<p><strong>LIITE II: <\/strong>Talousarvio 2026<\/p>\n\n\n\n<div data-wp-interactive=\"core\/file\" class=\"wp-block-file\"><object data-wp-bind--hidden=\"!state.hasPdfPreview\" hidden class=\"wp-block-file__embed\" data=\"https:\/\/adhocry.fi\/wp-content\/uploads\/2025\/11\/Talousarvio-2026-2.pdf\" type=\"application\/pdf\" style=\"width:100%;height:600px\" aria-label=\"Tiedoston Talousarvio 2026 upotus.\"><\/object><a id=\"wp-block-file--media-c8ee7b95-0c9d-4008-9a65-4fed6e29fbd9\" href=\"https:\/\/adhocry.fi\/wp-content\/uploads\/2025\/11\/Talousarvio-2026-2.pdf\">Talousarvio 2026<\/a><a href=\"https:\/\/adhocry.fi\/wp-content\/uploads\/2025\/11\/Talousarvio-2026-2.pdf\" class=\"wp-block-file__button wp-element-button\" download aria-describedby=\"wp-block-file--media-c8ee7b95-0c9d-4008-9a65-4fed6e29fbd9\">Lataa<\/a><\/div>\n\n\n\n<p><\/p>\n\n\n\n<p>Haluatko asettua ehdolle, mutta et p\u00e4\u00e4se paikalle kokoukseen tai my\u00f6h\u00e4styt?<\/p>\n\n\n\n<p>Ota yhteytt\u00e4 Tuuliin Telegramissa @tuulilopmeri tai s\u00e4hk\u00f6postilla adhocry@gmail.com<\/p>\n\n\n\n<p>Edell\u00e4 mainittuihin kanaviin voi laittaa my\u00f6s viesti\u00e4, jos jokin askarruttaa syyskokoukseen tai hallitukseen hakeutumiseen liitttyen.&nbsp;<\/p>\n\n\n\n<p>Linkki Zoomin kautta j\u00e4rjestett\u00e4v\u00e4\u00e4n et\u00e4kokoukseen julkaistaan my\u00f6hemmin.<\/p>\n<\/div>\n<\/div>\n\n\n\n<div class=\"wp-block-columns are-vertically-aligned-center is-layout-flex wp-container-core-columns-is-layout-4 wp-block-columns-is-layout-flex\">\n<div class=\"wp-block-column is-vertically-aligned-center is-layout-flow wp-block-column-is-layout-flow\" style=\"flex-basis:33.33%\"><\/div>\n\n\n\n<div class=\"wp-block-column is-vertically-aligned-center is-layout-flow wp-block-column-is-layout-flow\" style=\"flex-basis:66.66%\">\n<p>26.2.2025<\/p>\n\n\n\n<div class=\"wp-block-group\"><div class=\"wp-block-group__inner-container is-layout-constrained wp-block-group-is-layout-constrained\">\n<div class=\"wp-block-columns is-layout-flex wp-container-core-columns-is-layout-3 wp-block-columns-is-layout-flex\">\n<div class=\"wp-block-column is-layout-flow wp-block-column-is-layout-flow\" style=\"flex-basis:100%\">\n<h6 class=\"wp-block-heading\"><strong>KOKOUSKUTSU: Yhdistyksen s\u00e4\u00e4nt\u00f6m\u00e4\u00e4r\u00e4inen kev\u00e4tkokous<\/strong><\/h6>\n<\/div>\n<\/div>\n\n\n\n<p>Ad Hoc ry toivottaa j\u00e4senist\u00f6ns\u00e4 tervetulleeksi keskiviikkona 12.3.2025&nbsp; klo 18.00 j\u00e4rjestett\u00e4v\u00e4\u00e4n yhdistyksen s\u00e4\u00e4nt\u00f6m\u00e4\u00e4r\u00e4iseen kev\u00e4tkokoukseen. Kokous j\u00e4rjestet\u00e4\u00e4n Tampereen yliopistolla tilassa: TAU P\u00e4\u00e4talo A203f<\/p>\n\n\n\n<p>Kokoukseen voi osallistua my\u00f6s et\u00e4yhteyksin Zoomin v\u00e4lityksell\u00e4. Mik\u00e4li haluat osallistua kokoukseen et\u00e4n\u00e4, otathan yhteytt\u00e4 Telegramissa @tuulilopmeri tai s\u00e4hk\u00f6postilla tuuli.lopmeri(at)tuni.fi.&nbsp;<\/p>\n\n\n\n<p>Kev\u00e4tkokouksessa esitell\u00e4\u00e4n yhdistyksen viime vuoden tilinp\u00e4\u00e4t\u00f6s ja toimintakertomus. Lis\u00e4ksi kokouksessa p\u00e4\u00e4tet\u00e4\u00e4n vastuuvapauden my\u00f6nst\u00e4misest\u00e4 edellisen vuoden hallitukselle. Kev\u00e4tkokous on siis j\u00e4senist\u00f6lle oiva paikka tulla kuulemaan Ad Hocin toiminnasta.&nbsp;&nbsp;<\/p>\n\n\n\n<p>L\u00e4mpim\u00e4sti tervetuloa s\u00e4\u00e4nt\u00f6m\u00e4\u00e4r\u00e4iseen kev\u00e4tkokoukseen!<\/p>\n\n\n\n<p>Terveisin,<\/p>\n\n\n\n<p>&nbsp;Ad Hocin hallitus 2025<\/p>\n<\/div><\/div>\n\n\n\n<p><br><strong>LIITE I<\/strong>: Esityslista<br>Kokouksen sis\u00e4lt\u00f6:<\/p>\n\n\n\n<ol class=\"wp-block-list\">\n<li>Kokouksen avaus<\/li>\n\n\n\n<li>Kokouksen laillisuus ja p\u00e4\u00e4t\u00f6svaltaisuus<\/li>\n\n\n\n<li>Kokouksen j\u00e4rjest\u00e4ytyminen<\/li>\n\n\n\n<li>Esityslistan hyv\u00e4ksyminen<\/li>\n\n\n\n<li>Ilmoitusasiat<\/li>\n\n\n\n<li>Hallituksen toimintakertomus toimikaudelta 2024<\/li>\n\n\n\n<li>Tilinp\u00e4\u00e4t\u00f6s toimikaudelta 2024<\/li>\n\n\n\n<li>Toiminnantarkastajan lausunto<\/li>\n\n\n\n<li>Vastuuvapaudesta p\u00e4\u00e4tt\u00e4minen toimikauden 2024 hallitukselle<\/li>\n\n\n\n<li>Muut esille tulevat asiat<\/li>\n\n\n\n<li>Kokouksen p\u00e4\u00e4tt\u00e4minen<\/li>\n<\/ol>\n\n\n\n<p><strong>LIITE II:<\/strong> Toimintakertomus 2024<\/p>\n\n\n\n<div data-wp-interactive=\"core\/file\" class=\"wp-block-file\"><object data-wp-bind--hidden=\"!state.hasPdfPreview\" hidden class=\"wp-block-file__embed\" data=\"https:\/\/adhocry.fi\/wp-content\/uploads\/2025\/11\/Toimintakertomus-2024.pdf\" type=\"application\/pdf\" style=\"width:100%;height:600px\" aria-label=\"Tiedoston Toimintakertomus 2024 upotus.\"><\/object><a id=\"wp-block-file--media-bdd11e29-270a-452e-8602-d50c6c583236\" href=\"https:\/\/adhocry.fi\/wp-content\/uploads\/2025\/11\/Toimintakertomus-2024.pdf\">Toimintakertomus 2024<\/a><a href=\"https:\/\/adhocry.fi\/wp-content\/uploads\/2025\/11\/Toimintakertomus-2024.pdf\" class=\"wp-block-file__button wp-element-button\" download aria-describedby=\"wp-block-file--media-bdd11e29-270a-452e-8602-d50c6c583236\">Lataa<\/a><\/div>\n<\/div>\n<\/div>\n\n\n\n<p><\/p>\n\n\n\n<div class=\"wp-block-group is-vertical is-layout-flex wp-container-core-group-is-layout-8 wp-block-group-is-layout-flex\">\n<div class=\"wp-block-columns are-vertically-aligned-center is-layout-flex wp-container-core-columns-is-layout-6 wp-block-columns-is-layout-flex\">\n<div class=\"wp-block-column is-vertically-aligned-center is-layout-flow wp-block-column-is-layout-flow\" style=\"flex-basis:33.33%\"><\/div>\n\n\n\n<div class=\"wp-block-column is-vertically-aligned-center is-layout-flow wp-block-column-is-layout-flow\" style=\"flex-basis:66.66%\">\n<p>14.11.2024<\/p>\n\n\n\n<div class=\"wp-block-group\"><div class=\"wp-block-group__inner-container is-layout-constrained wp-block-group-is-layout-constrained\">\n<div class=\"wp-block-columns is-layout-flex wp-container-core-columns-is-layout-5 wp-block-columns-is-layout-flex\">\n<div class=\"wp-block-column is-layout-flow wp-block-column-is-layout-flow\" style=\"flex-basis:100%\">\n<h4 class=\"wp-block-heading has-text-align-center\"><strong>AD HOC RY:N S\u00c4\u00c4NT\u00d6M\u00c4\u00c4R\u00c4INEN SYYSKOKOUS<\/strong><\/h4>\n\n\n\n<p class=\"has-text-align-center\">KOKOUSKUTSU<\/p>\n<\/div>\n<\/div>\n<\/div><\/div>\n\n\n\n<p>Ad Hoc ry toivottaa j\u00e4senist\u00f6ns\u00e4 tervetulleeksi keskiviikkona 27.11.2024 j\u00e4rjestett\u00e4v\u00e4\u00e4n yhdistyksen s\u00e4\u00e4nt\u00f6m\u00e4\u00e4r\u00e4iseen syyskokoukseen. Yhdistyksen hallitus on p\u00e4\u00e4tt\u00e4nyt, ett\u00e4 perinteisen kokouksen lis\u00e4ksi kokoukseen voi osallistua my\u00f6s et\u00e4n\u00e4 Zoomin v\u00e4lityksell\u00e4. Fyysinen kokous j\u00e4rjestet\u00e4\u00e4n Tampereen yliopistolla: TAU P\u00e4\u00e4talo D216 kello 17:00 alkaen.<\/p>\n\n\n\n<p>Yhdistyksen syyskokouksessa j\u00e4senist\u00f6ll\u00e4 on mahdollisuus osallistua yhdistyksen p\u00e4\u00e4t\u00f6ksentekoon sek\u00e4 asettua ehdolle yhdistyksen hallituksen seuraavalle toimikaudelle.&nbsp;<\/p>\n\n\n\n<p>Kyseess\u00e4 on kaikin puolin rento tilaisuus ja my\u00f6s et\u00e4yhteydell\u00e4 osallistuminen on mahdollista.&nbsp;<\/p>\n\n\n\n<p><\/p>\n\n\n\n<p><em><strong>Kokouksen esityslista<\/strong><\/em><\/p>\n\n\n\n<p>1. &nbsp; &nbsp; Kokouksen avaus&nbsp;<\/p>\n\n\n\n<p>2. &nbsp; &nbsp; Kokouksen laillisuus ja p\u00e4\u00e4t\u00f6svaltaisuus<\/p>\n\n\n\n<p>3. &nbsp; &nbsp; Kokouksen j\u00e4rjest\u00e4ytyminen<\/p>\n\n\n\n<p><em>4. &nbsp; &nbsp; <\/em>Esityslistan<em> <\/em>hyv\u00e4ksyminen<\/p>\n\n\n\n<p><em>5. &nbsp; &nbsp; <\/em>Ilmoitusasiat<\/p>\n\n\n\n<p><em>6. &nbsp; &nbsp; <\/em>Vuoden 2025 toimintasuunnitelman ja talousarvion hyv\u00e4ksyminen<\/p>\n\n\n\n<p><em>7. &nbsp; &nbsp; <\/em>Yhdistyksen kunniaj\u00e4senyyden my\u00f6nt\u00e4minen&nbsp;<\/p>\n\n\n\n<p>8. &nbsp; &nbsp; J\u00e4senmaksun ja kannatusj\u00e4senmaksun suuruudesta p\u00e4\u00e4tt\u00e4minen vuodelle 2025<\/p>\n\n\n\n<p><em>9. &nbsp; &nbsp; <\/em>Yhdistyksen hallituksen valinta seuraavalle toimikaudelle&nbsp;<\/p>\n\n\n\n<p>Yhdistyksen hallituksen valinta vuodelle 2025<\/p>\n\n\n\n<p>Yhdistyksen hallituksen puheenjohtajan valinta vuodelle 2025<\/p>\n\n\n\n<p>10.&nbsp; &nbsp;Yhden (1) toiminnantarkastajan ja yhden (1) varahenkil\u00f6n valinta seuraavalle tilikaudelle (2025)<\/p>\n\n\n\n<p>11.&nbsp; &nbsp;Muut esille tulevat asiat<\/p>\n\n\n\n<p>12.&nbsp; &nbsp;Kokouksen p\u00e4\u00e4tt\u00e4minen<\/p>\n\n\n\n<p>N\u00e4hd\u00e4\u00e4n syyskokouksessa!<\/p>\n\n\n\n<div class=\"wp-block-group is-vertical is-layout-flex wp-container-core-group-is-layout-7 wp-block-group-is-layout-flex\">\n<p>Syyskokousterveisin<\/p>\n\n\n\n<p>Minni Virtanen<\/p>\n\n\n\n<p>Puheenjohtaja&nbsp;<\/p>\n\n\n\n<p><a href=\"mailto:adhocry@gmail.com\">adhocry@gmail.com<\/a><\/p>\n<\/div>\n\n\n\n<p>LIITTEET: <strong>Toimintasuunnitelma ja talousarvio vuodelle 2025<\/strong> l\u00f6ytyv\u00e4t alla olevasta linkist\u00e4:<\/p>\n\n\n\n<p><a href=\"https:\/\/drive.google.com\/drive\/folders\/1VL0Lp-EerzsfTgbWa1ClK1KjsuExOd1Y?usp=drive_link\">https:\/\/drive.google.com\/drive\/folders\/1VL0Lp-EerzsfTgbWa1ClK1KjsuExOd1Y?usp=drive_link<\/a><\/p>\n\n\n\n<p><\/p>\n\n\n\n<p>Haluatko asettua ehdolle, mutta et p\u00e4\u00e4se paikalle kokoukseen tai my\u00f6h\u00e4styt?<\/p>\n\n\n\n<p>Ota yhteytt\u00e4 Minniin Telegramissa @minnivirtanen tai s\u00e4hk\u00f6postilla adhocry@gmail.com<\/p>\n\n\n\n<p>Edell\u00e4 mainittuihin kanaviin voi laittaa my\u00f6s viesti\u00e4, jos jokin askarruttaa syyskokoukseen tai hallitukseen hakeutumiseen liitttyen.&nbsp;<\/p>\n\n\n\n<p>Linkki Zoomin kautta j\u00e4rjestett\u00e4v\u00e4\u00e4n et\u00e4kokoukseen julkaistaan my\u00f6hemmin.<\/p>\n<\/div>\n<\/div>\n<\/div>\n<\/div>\n<\/div>\n<\/div><\/div>\n<\/div><\/div>\n\n\n<div class=\"wp-block-image\">\n<figure class=\"alignleft size-large is-resized\"><img loading=\"lazy\" decoding=\"async\" width=\"1024\" height=\"1024\" src=\"https:\/\/adhocry.fi\/wp-content\/uploads\/2024\/03\/1-1024x1024.png\" alt=\"\" class=\"wp-image-256\" style=\"width:341px;height:auto\" srcset=\"https:\/\/adhocry.fi\/wp-content\/uploads\/2024\/03\/1-1024x1024.png 1024w, https:\/\/adhocry.fi\/wp-content\/uploads\/2024\/03\/1-300x300.png 300w, https:\/\/adhocry.fi\/wp-content\/uploads\/2024\/03\/1-150x150.png 150w, https:\/\/adhocry.fi\/wp-content\/uploads\/2024\/03\/1-768x768.png 768w, https:\/\/adhocry.fi\/wp-content\/uploads\/2024\/03\/1.png 1080w\" sizes=\"auto, (max-width: 1024px) 100vw, 1024px\" \/><\/figure><\/div>\n\n\n<div class=\"wp-block-columns are-vertically-aligned-center is-layout-flex wp-container-core-columns-is-layout-8 wp-block-columns-is-layout-flex\">\n<div class=\"wp-block-column is-vertically-aligned-center is-layout-flow wp-block-column-is-layout-flow\" style=\"flex-basis:33.33%\"><\/div>\n\n\n\n<div class=\"wp-block-column is-vertically-aligned-center is-layout-flow wp-block-column-is-layout-flow\" style=\"flex-basis:66.66%\">\n<p>13.3.2024<\/p>\n\n\n\n<p><strong>KOKOUSKUTSU: Yhdistyksen s\u00e4\u00e4nt\u00f6m\u00e4\u00e4r\u00e4inen kev\u00e4tkokous<\/strong><\/p>\n\n\n\n<p>Ad Hoc ry toivottaa j\u00e4senist\u00f6ns\u00e4 tervetulleeksi tiistaina 26.3.2024 klo 17.00 j\u00e4rjestett\u00e4v\u00e4\u00e4n yhdistyksen s\u00e4\u00e4nt\u00f6m\u00e4\u00e4r\u00e4iseen kev\u00e4tkokoukseen. Kokous j\u00e4rjestet\u00e4\u00e4n Tampereen yliopistolla tilassa: TAU P\u00e4\u00e4talo A203f. (Kalevantie 4, 33100 Tampere)<\/p>\n\n\n\n<p>Kokoukseen voi osallistua my\u00f6s et\u00e4yhteydell\u00e4 Zoomin v\u00e4lityksell\u00e4. Mik\u00e4li haluat osallistua kokoukseen et\u00e4n\u00e4, otathan yhteytt\u00e4 Telegramissa @ minnivirtanen tai s\u00e4hk\u00f6postilla minni.virtanen(at)tuni.fi<\/p>\n\n\n\n<p>Kev\u00e4tkokouksessa esitell\u00e4\u00e4n yhdistyksen viime vuoden tilinp\u00e4\u00e4t\u00f6s ja toimintakertomus. Lis\u00e4ksi kokouksessa p\u00e4\u00e4tet\u00e4\u00e4n vastuuvapauden my\u00f6nt\u00e4misest\u00e4 edellisen vuoden hallitukselle. Kev\u00e4tkokous on siis j\u00e4senist\u00f6lle oiva paikka tulla kuulemaan Ad Hocin toiminnasta.<\/p>\n\n\n\n<p>L\u00e4mpim\u00e4sti tervetuloa s\u00e4\u00e4nt\u00f6m\u00e4\u00e4r\u00e4iseen kev\u00e4tkokoukseen!<\/p>\n\n\n\n<p>Terveisin,<br>Ad Hocin hallitus 2024<\/p>\n\n\n\n<p><br><strong>LIITE I<\/strong>: Esityslista<br>Kokouksen sis\u00e4lt\u00f6:<\/p>\n\n\n\n<ol class=\"wp-block-list\">\n<li>Kokouksen avaus<\/li>\n\n\n\n<li>Kokouksen laillisuus ja p\u00e4\u00e4t\u00f6svaltaisuus<\/li>\n\n\n\n<li>Kokouksen j\u00e4rjest\u00e4ytyminen<\/li>\n\n\n\n<li>Esityslistan hyv\u00e4ksyminen<\/li>\n\n\n\n<li>Ilmoitusasiat<\/li>\n\n\n\n<li>Hallituksen toimintakertomus toimikaudelta 2023<\/li>\n\n\n\n<li>Tilinp\u00e4\u00e4t\u00f6s toimikaudelta 2023<\/li>\n\n\n\n<li>Toiminnantarkastajan lausunto<\/li>\n\n\n\n<li>Vastuuvapaudesta p\u00e4\u00e4tt\u00e4minen toimikauden 2023 hallitukselle<\/li>\n\n\n\n<li>Yhden (1) toiminnantarkastajan ja yhden (1) varahenkil\u00f6n valinta tilikaudelle 2024<\/li>\n\n\n\n<li>Muut esille tulevat asiat<\/li>\n\n\n\n<li>Kokouksen p\u00e4\u00e4tt\u00e4minen<\/li>\n<\/ol>\n\n\n\n<p>LIITE II Toimintakertomus 2023<\/p>\n\n\n\n<div data-wp-interactive=\"core\/file\" class=\"wp-block-file\"><object data-wp-bind--hidden=\"!state.hasPdfPreview\" hidden class=\"wp-block-file__embed\" data=\"https:\/\/adhocry.fi\/wp-content\/uploads\/2024\/03\/Toimintakertomus-2023.docx.pdf\" type=\"application\/pdf\" style=\"width:100%;height:600px\" aria-label=\"Tiedoston Toimintakertomus 2023 upotus.\"><\/object><a id=\"wp-block-file--media-87668b42-046d-473d-a329-c571f4f1646e\" href=\"https:\/\/adhocry.fi\/wp-content\/uploads\/2024\/03\/Toimintakertomus-2023.docx.pdf\">Toimintakertomus 2023<\/a><a href=\"https:\/\/adhocry.fi\/wp-content\/uploads\/2024\/03\/Toimintakertomus-2023.docx.pdf\" class=\"wp-block-file__button wp-element-button\" download aria-describedby=\"wp-block-file--media-87668b42-046d-473d-a329-c571f4f1646e\">Lataa<\/a><\/div>\n<\/div>\n<\/div>\n","protected":false},"excerpt":{"rendered":"<p>AD HOC RY:N S\u00c4\u00c4NT\u00d6M\u00c4\u00c4R\u00c4INEN KEV\u00c4TKOKOUS KOKOUSKUTSU Ad Hoc ry toivottaa j\u00e4senist\u00f6ns\u00e4 tervetulleeksi maanantaina 16.3.2025&nbsp; klo 18.00 j\u00e4rjestett\u00e4v\u00e4\u00e4n yhdistyksen s\u00e4\u00e4nt\u00f6m\u00e4\u00e4r\u00e4iseen kev\u00e4tkokoukseen. Kokous j\u00e4rjestet\u00e4\u00e4n Tampereen yliopistolla tilassa: TAU P\u00e4\u00e4talo A203e. Kokoukseen voi osallistua my\u00f6s et\u00e4yhteyksin Zoomin v\u00e4lityksell\u00e4. Mik\u00e4li haluat osallistua kokoukseen et\u00e4n\u00e4, otathan yhteytt\u00e4 Telegramissa @ellahuhtinen tai s\u00e4hk\u00f6postilla ella.huhtinen@tuni.fi .&nbsp; Kev\u00e4tkokouksessa esitell\u00e4\u00e4n yhdistyksen edellisen vuoden tilinp\u00e4\u00e4t\u00f6s ja&hellip;&nbsp;<a href=\"https:\/\/adhocry.fi\/index.php\/ajankohtaista\/\" class=\"\" rel=\"bookmark\">Lue lis\u00e4\u00e4 &raquo;<span class=\"screen-reader-text\">Ajankohtaista<\/span><\/a><\/p>\n","protected":false},"author":1,"featured_media":0,"parent":0,"menu_order":0,"comment_status":"closed","ping_status":"closed","template":"","meta":{"neve_meta_sidebar":"default","neve_meta_container":"","neve_meta_enable_content_width":"","neve_meta_content_width":70,"neve_meta_title_alignment":"","neve_meta_author_avatar":"","neve_post_elements_order":"","neve_meta_disable_header":"","neve_meta_disable_footer":"","neve_meta_disable_title":"","footnotes":""},"class_list":["post-112","page","type-page","status-publish","hentry"],"_links":{"self":[{"href":"https:\/\/adhocry.fi\/index.php\/wp-json\/wp\/v2\/pages\/112","targetHints":{"allow":["GET"]}}],"collection":[{"href":"https:\/\/adhocry.fi\/index.php\/wp-json\/wp\/v2\/pages"}],"about":[{"href":"https:\/\/adhocry.fi\/index.php\/wp-json\/wp\/v2\/types\/page"}],"author":[{"embeddable":true,"href":"https:\/\/adhocry.fi\/index.php\/wp-json\/wp\/v2\/users\/1"}],"replies":[{"embeddable":true,"href":"https:\/\/adhocry.fi\/index.php\/wp-json\/wp\/v2\/comments?post=112"}],"version-history":[{"count":22,"href":"https:\/\/adhocry.fi\/index.php\/wp-json\/wp\/v2\/pages\/112\/revisions"}],"predecessor-version":[{"id":358,"href":"https:\/\/adhocry.fi\/index.php\/wp-json\/wp\/v2\/pages\/112\/revisions\/358"}],"wp:attachment":[{"href":"https:\/\/adhocry.fi\/index.php\/wp-json\/wp\/v2\/media?parent=112"}],"curies":[{"name":"wp","href":"https:\/\/api.w.org\/{rel}","templated":true}]}}